[INFO] cloning repository https://github.com/mchapala/alpacarust
[INFO] running `Command { std: "git" "-c" "credential.helper=" "-c" "credential.helper=/workspace/cargo-home/bin/git-credential-null" "clone" "--bare" "https://github.com/mchapala/alpacarust" "/workspace/cache/git-repos/https%3A%2F%2Fgithub.com%2Fmchapala%2Falpacarust", kill_on_drop: false }`
[INFO] [stderr] Cloning into bare repository '/workspace/cache/git-repos/https%3A%2F%2Fgithub.com%2Fmchapala%2Falpacarust'...
[INFO] running `Command { std: "git" "rev-parse" "HEAD", kill_on_drop: false }`
[INFO] [stdout] 62e59a1a22ebd9d2363bd01371ce669012f3ec89
[INFO] checking mchapala/alpacarust against master#af3c6e733a40e671550e0f0f5aeecaa13772ba56 for pr-74989
[INFO] running `Command { std: "git" "clone" "/workspace/cache/git-repos/https%3A%2F%2Fgithub.com%2Fmchapala%2Falpacarust" "/workspace/builds/worker-0/source", kill_on_drop: false }`
[INFO] [stderr] Cloning into '/workspace/builds/worker-0/source'...
[INFO] [stderr] done.
[INFO] validating manifest of git repo https://github.com/mchapala/alpacarust on toolchain af3c6e733a40e671550e0f0f5aeecaa13772ba56
[INFO] running `Command { std: "/workspace/cargo-home/bin/cargo" "+af3c6e733a40e671550e0f0f5aeecaa13772ba56" "read-manifest" "--manifest-path" "Cargo.toml", kill_on_drop: false }`
[INFO] started tweaking git repo https://github.com/mchapala/alpacarust
[INFO] finished tweaking git repo https://github.com/mchapala/alpacarust
[INFO] tweaked toml for git repo https://github.com/mchapala/alpacarust written to /workspace/builds/worker-0/source/Cargo.toml
[INFO] crate git repo https://github.com/mchapala/alpacarust already has a lockfile, it will not be regenerated
[INFO] running `Command { std: "/workspace/cargo-home/bin/cargo" "+af3c6e733a40e671550e0f0f5aeecaa13772ba56" "fetch" "--locked" "--manifest-path" "Cargo.toml", kill_on_drop: false }`
[INFO] running `Command { std: "docker" "create" "-v" "/var/lib/crater-agent-workspace/builds/worker-0/target:/opt/rustwide/target:rw,Z" "-v" "/var/lib/crater-agent-workspace/builds/worker-0/source:/opt/rustwide/workdir:ro,Z" "-v" "/var/lib/crater-agent-workspace/cargo-home:/opt/rustwide/cargo-home:ro,Z" "-v" "/var/lib/crater-agent-workspace/rustup-home:/opt/rustwide/rustup-home:ro,Z" "-e" "SOURCE_DIR=/opt/rustwide/workdir" "-e" "CARGO_TARGET_DIR=/opt/rustwide/target" "-e" "CARGO_HOME=/opt/rustwide/cargo-home" "-e" "RUSTUP_HOME=/opt/rustwide/rustup-home" "-w" "/opt/rustwide/workdir" "-m" "1610612736" "--user" "0:0" "--network" "none" "rustops/crates-build-env@sha256:d92eaeed33fa75130ca1ee6c8a01d1ffb62bac859dfdfb3450e3e5d1c0146529" "/opt/rustwide/cargo-home/bin/cargo" "+af3c6e733a40e671550e0f0f5aeecaa13772ba56" "metadata" "--no-deps" "--format-version=1", kill_on_drop: false }`
[INFO] [stdout] 59f89577ca33065209ef9a2ccc064ceeafe513124c5f21bf0115f90b0566e546
[INFO] [stderr] WARNING: Your kernel does not support swap limit capabilities or the cgroup is not mounted. Memory limited without swap.
[INFO] running `Command { std: "docker" "start" "-a" "59f89577ca33065209ef9a2ccc064ceeafe513124c5f21bf0115f90b0566e546", kill_on_drop: false }`
[INFO] running `Command { std: "docker" "inspect" "59f89577ca33065209ef9a2ccc064ceeafe513124c5f21bf0115f90b0566e546", kill_on_drop: false }`
[INFO] running `Command { std: "docker" "rm" "-f" "59f89577ca33065209ef9a2ccc064ceeafe513124c5f21bf0115f90b0566e546", kill_on_drop: false }`
[INFO] [stdout] 59f89577ca33065209ef9a2ccc064ceeafe513124c5f21bf0115f90b0566e546
[INFO] running `Command { std: "docker" "create" "-v" "/var/lib/crater-agent-workspace/builds/worker-0/target:/opt/rustwide/target:rw,Z" "-v" "/var/lib/crater-agent-workspace/builds/worker-0/source:/opt/rustwide/workdir:ro,Z" "-v" "/var/lib/crater-agent-workspace/cargo-home:/opt/rustwide/cargo-home:ro,Z" "-v" "/var/lib/crater-agent-workspace/rustup-home:/opt/rustwide/rustup-home:ro,Z" "-e" "SOURCE_DIR=/opt/rustwide/workdir" "-e" "CARGO_TARGET_DIR=/opt/rustwide/target" "-e" "CARGO_INCREMENTAL=0" "-e" "RUST_BACKTRACE=full" "-e" "RUSTFLAGS=--cap-lints=forbid" "-e" "CARGO_HOME=/opt/rustwide/cargo-home" "-e" "RUSTUP_HOME=/opt/rustwide/rustup-home" "-w" "/opt/rustwide/workdir" "-m" "1610612736" "--user" "0:0" "--network" "none" "rustops/crates-build-env@sha256:d92eaeed33fa75130ca1ee6c8a01d1ffb62bac859dfdfb3450e3e5d1c0146529" "/opt/rustwide/cargo-home/bin/cargo" "+af3c6e733a40e671550e0f0f5aeecaa13772ba56" "check" "--frozen" "--all" "--all-targets" "--message-format=json", kill_on_drop: false }`
[INFO] [stdout] 6feb5e8494256957491ead8ed233e2f6c0108bad7c4a643151a056a7ca012b04
[INFO] [stderr] WARNING: Your kernel does not support swap limit capabilities or the cgroup is not mounted. Memory limited without swap.
[INFO] running `Command { std: "docker" "start" "-a" "6feb5e8494256957491ead8ed233e2f6c0108bad7c4a643151a056a7ca012b04", kill_on_drop: false }`
[INFO] [stderr]     Checking cfg-if v0.1.10
[INFO] [stderr]    Compiling libc v0.2.68
[INFO] [stderr]     Checking lazy_static v1.4.0
[INFO] [stderr]    Compiling proc-macro2 v1.0.10
[INFO] [stderr]    Compiling unicode-xid v0.2.0
[INFO] [stderr]    Compiling log v0.4.8
[INFO] [stderr]    Compiling memchr v2.3.3
[INFO] [stderr]    Compiling syn v1.0.17
[INFO] [stderr]    Compiling version_check v0.9.1
[INFO] [stderr]     Checking slab v0.4.2
[INFO] [stderr]     Checking fnv v1.0.6
[INFO] [stderr]     Checking itoa v0.4.5
[INFO] [stderr]     Checking bytes v0.5.4
[INFO] [stderr]     Checking futures-core v0.3.4
[INFO] [stderr]    Compiling bitflags v1.2.1
[INFO] [stderr]     Checking pin-project-lite v0.1.4
[INFO] [stderr]     Checking foreign-types-shared v0.1.1
[INFO] [stderr]    Compiling semver-parser v0.7.0
[INFO] [stderr]    Compiling ryu v1.0.3
[INFO] [stderr]    Compiling serde v1.0.105
[INFO] [stderr]    Compiling openssl v0.10.28
[INFO] [stderr]    Compiling maybe-uninit v2.0.0
[INFO] [stderr]     Checking futures-io v0.3.4
[INFO] [stderr]     Checking matches v0.1.8
[INFO] [stderr]     Checking smallvec v1.2.0
[INFO] [stderr]    Compiling arrayvec v0.4.12
[INFO] [stderr]     Checking futures-sink v0.3.4
[INFO] [stderr]    Compiling native-tls v0.2.4
[INFO] [stderr]     Checking pin-utils v0.1.0-alpha.4
[INFO] [stderr]     Checking futures-task v0.3.4
[INFO] [stderr]    Compiling httparse v1.3.4
[INFO] [stderr]     Checking nodrop v0.1.14
[INFO] [stderr]     Checking try-lock v0.2.2
[INFO] [stderr]     Checking openssl-probe v0.1.2
[INFO] [stderr]    Compiling byteorder v1.3.4
[INFO] [stderr]     Checking serde v0.8.23
[INFO] [stderr]    Compiling build_const v0.2.1
[INFO] [stderr]     Checking quick-error v1.2.3
[INFO] [stderr]    Compiling encoding_rs v0.8.22
[INFO] [stderr]     Checking termcolor v1.1.0
[INFO] [stderr]     Checking rustc-demangle v0.1.16
[INFO] [stderr]     Checking scopeguard v1.1.0
[INFO] [stderr]     Checking static_assertions v0.3.4
[INFO] [stderr]     Checking tower-service v0.3.0
[INFO] [stderr]     Checking dtoa v0.4.5
[INFO] [stderr]     Checking linked-hash-map v0.5.2
[INFO] [stderr]     Checking mime v0.3.16
[INFO] [stderr]     Checking base64 v0.11.0
[INFO] [stderr]     Checking rust-ini v0.13.0
[INFO] [stderr]    Compiling crossbeam-utils v0.7.2
[INFO] [stderr]    Compiling indexmap v1.3.2
[INFO] [stderr]    Compiling memoffset v0.5.4
[INFO] [stderr]    Compiling backtrace-sys v0.1.35
[INFO] [stderr]    Compiling crossbeam-epoch v0.8.2
[INFO] [stderr]    Compiling miniz-sys v0.1.12
[INFO] [stderr]    Compiling num-integer v0.1.42
[INFO] [stderr]    Compiling openssl-sys v0.9.54
[INFO] [stderr]     Checking thread_local v1.0.1
[INFO] [stderr]     Checking futures-channel v0.3.4
[INFO] [stderr]     Checking foreign-types v0.3.2
[INFO] [stderr]     Checking unicode-bidi v0.3.4
[INFO] [stderr]    Compiling semver v0.9.0
[INFO] [stderr]     Checking unicode-normalization v0.1.12
[INFO] [stderr]     Checking http v0.2.1
[INFO] [stderr]     Checking humantime v1.3.0
[INFO] [stderr]    Compiling unicase v2.6.0
[INFO] [stderr]    Compiling nom v5.1.1
[INFO] [stderr]    Compiling crc v1.8.1
[INFO] [stderr]     Checking yaml-rust v0.4.3
[INFO] [stderr]    Compiling rustc_version v0.2.3
[INFO] [stderr]     Checking want v0.3.0
[INFO] [stderr]     Checking log v0.3.9
[INFO] [stderr]     Checking num-traits v0.1.43
[INFO] [stderr]     Checking aho-corasick v0.7.10
[INFO] [stderr]     Checking futures-util v0.3.4
[INFO] [stderr]     Checking idna v0.2.0
[INFO] [stderr]    Compiling quote v1.0.3
[INFO] [stderr]     Checking iovec v0.1.4
[INFO] [stderr]     Checking net2 v0.2.33
[INFO] [stderr]     Checking num_cpus v1.12.0
[INFO] [stderr]     Checking signal-hook-registry v1.2.0
[INFO] [stderr]     Checking getrandom v0.1.14
[INFO] [stderr]     Checking time v0.1.42
[INFO] [stderr]     Checking atty v0.2.14
[INFO] [stderr]     Checking snap v0.2.5
[INFO] [stderr]    Compiling lexical-core v0.6.2
[INFO] [stderr]     Checking crossbeam-queue v0.2.1
[INFO] [stderr]     Checking crossbeam-channel v0.4.2
[INFO] [stderr]    Compiling mime_guess v2.0.3
[INFO] [stderr]     Checking flate2 v0.2.20
[INFO] [stderr]     Checking backtrace v0.3.46
[INFO] [stderr]     Checking rand_core v0.5.1
[INFO] [stderr]     Checking mio v0.6.21
[INFO] [stderr]     Checking chrono v0.4.11
[INFO] [stderr]     Checking url v2.1.1
[INFO] [stderr]     Checking crossbeam-deque v0.7.3
[INFO] [stderr]     Checking rand_chacha v0.2.2
[INFO] [stderr]     Checking error-chain v0.10.0
[INFO] [stderr]     Checking regex v1.3.7
[INFO] [stderr]     Checking serde_test v0.8.23
[INFO] [stderr]     Checking rand v0.7.3
[INFO] [stderr]     Checking crossbeam v0.7.3
[INFO] [stderr]     Checking mio-uds v0.6.7
[INFO] [stderr]     Checking http-body v0.3.1
[INFO] [stderr]     Checking linked-hash-map v0.3.0
[INFO] [stderr]     Checking twox-hash v1.5.0
[INFO] [stderr]     Checking serde-hjson v0.9.1
[INFO] [stderr]     Checking env_logger v0.7.1
[INFO] [stderr]     Checking env_logger v0.6.2
[INFO] [stderr]     Checking pretty_env_logger v0.4.0
[INFO] [stderr]     Checking kafka v0.8.0
[INFO] [stderr]    Compiling tokio-macros v0.2.5
[INFO] [stderr]    Compiling serde_derive v1.0.105
[INFO] [stderr]    Compiling pin-project-internal v0.4.8
[INFO] [stderr]     Checking tokio v0.2.15
[INFO] [stderr]     Checking pin-project v0.4.8
[INFO] [stderr]     Checking tokio-util v0.3.1
[INFO] [stderr]     Checking tokio-tls v0.3.0
[INFO] [stderr]     Checking h2 v0.2.4
[INFO] [stderr]     Checking hyper v0.13.4
[INFO] [stderr]     Checking hyper-tls v0.4.1
[INFO] [stderr]     Checking serde_json v1.0.50
[INFO] [stderr]     Checking serde_urlencoded v0.6.1
[INFO] [stderr]     Checking toml v0.5.6
[INFO] [stderr]     Checking reqwest v0.10.4
[INFO] [stderr]     Checking config v0.10.1
[INFO] [stderr]     Checking alpacarust v0.1.0 (/opt/rustwide/workdir)
[INFO] [stdout] error[E0433]: failed to resolve: use of undeclared type or module `thread`
[INFO] [stdout]   --> src/alpaca/polygon.rs:14:9
[INFO] [stdout]    |
[INFO] [stdout] 14 |         thread::spawn(move || {
[INFO] [stdout]    |         ^^^^^^ use of undeclared type or module `thread`
[INFO] [stdout] 
[INFO] [stdout] 
[INFO] [stdout] error[E0433]: failed to resolve: use of undeclared type or module `thread`
[INFO] [stdout]   --> src/alpaca/polygon.rs:14:9
[INFO] [stdout]    |
[INFO] [stdout] 14 |         thread::spawn(move || {
[INFO] [stdout]    |         ^^^^^^ use of undeclared type or module `thread`
[INFO] [stdout] 
[INFO] [stdout] 
[INFO] [stdout] error[E0433]: failed to resolve: use of undeclared type or module `thread`
[INFO] [stdout]   --> src/alpaca/polygon.rs:31:17
[INFO] [stdout]    |
[INFO] [stdout] 31 |                 thread::sleep(Duration::from_secs(1));
[INFO] [stdout]    |                 ^^^^^^ use of undeclared type or module `thread`
[INFO] [stdout] 
[INFO] [stdout] 
[INFO] [stdout] error[E0433]: failed to resolve: use of undeclared type or module `thread`
[INFO] [stdout]   --> src/alpaca/polygon.rs:31:17
[INFO] [stdout]    |
[INFO] [stdout] 31 |                 thread::sleep(Duration::from_secs(1));
[INFO] [stdout]    |                 ^^^^^^ use of undeclared type or module `thread`
[INFO] [stdout] 
[INFO] [stdout] 
[INFO] [stdout] error[E0412]: cannot find type `Arc` in this scope
[INFO] [stdout]  --> src/alpaca/polygon.rs:6:16
[INFO] [stdout]   |
[INFO] [stdout] 6 |         queue: Arc<ArrayQueue<TickData>>,
[INFO] [stdout]   |                ^^^ not found in this scope
[INFO] [stdout]   |
[INFO] [stdout] help: consider importing one of these items
[INFO] [stdout]   |
[INFO] [stdout] 1 | use crate::Arc;
[INFO] [stdout]   |
[INFO] [stdout] 1 | use std::sync::Arc;
[INFO] [stdout]   |
[INFO] [stdout] 
[INFO] [stdout] 
[INFO] [stdout] error[E0412]: cannot find type `ArrayQueue` in this scope
[INFO] [stdout]  --> src/alpaca/polygon.rs:6:20
[INFO] [stdout]   |
[INFO] [stdout] 6 |         queue: Arc<ArrayQueue<TickData>>,
[INFO] [stdout]   |                    ^^^^^^^^^^ not found in this scope
[INFO] [stdout]   |
[INFO] [stdout] help: consider importing this struct
[INFO] [stdout]   |
[INFO] [stdout] 1 | use crate::ArrayQueue;
[INFO] [stdout]   |
[INFO] [stdout] 
[INFO] [stdout] 
[INFO] [stdout] error[E0412]: cannot find type `AppConfig` in this scope
[INFO] [stdout]  --> src/alpaca/polygon.rs:8:21
[INFO] [stdout]   |
[INFO] [stdout] 8 |         app_config: AppConfig,
[INFO] [stdout]   |                     ^^^^^^^^^ not found in this scope
[INFO] [stdout]   |
[INFO] [stdout] help: consider importing this struct
[INFO] [stdout]   |
[INFO] [stdout] 1 | use crate::AppConfig;
[INFO] [stdout]   |
[INFO] [stdout] 
[INFO] [stdout] 
[INFO] [stdout] error[E0412]: cannot find type `Map` in this scope
[INFO] [stdout]   --> src/alpaca/polygon.rs:24:41
[INFO] [stdout]    |
[INFO] [stdout] 24 |                     let tick_data_json: Map<String, Value> = res.json().unwrap();
[INFO] [stdout]    |                                         ^^^ not found in this scope
[INFO] [stdout]    |
[INFO] [stdout] help: consider importing one of these items
[INFO] [stdout]    |
[INFO] [stdout] 1  | use core::iter::Map;
[INFO] [stdout]    |
[INFO] [stdout] 1  | use crate::appconfig::env::os_imp::vec::slice::Map;
[INFO] [stdout]    |
[INFO] [stdout] 1  | use crate::appconfig::tick_data::Map;
[INFO] [stdout]    |
[INFO] [stdout] 1  | use serde_json::Map;
[INFO] [stdout]    |
[INFO] [stdout]      and 1 other candidate
[INFO] [stdout] 
[INFO] [stdout] 
[INFO] [stdout] error[E0433]: failed to resolve: could not find `mpsc` in `std`
[INFO] [stdout]   --> src/alpaca/tick_data.rs:89:65
[INFO] [stdout]    |
[INFO] [stdout] 89 |     let (tx, rx): (Sender<KafkaMsg>, Receiver<KafkaMsg>) = std::mpsc::channel();
[INFO] [stdout]    |                                                                 ^^^^ could not find `mpsc` in `std`
[INFO] [stdout] 
[INFO] [stdout] 
[INFO] [stdout] error[E0412]: cannot find type `Value` in this scope
[INFO] [stdout]   --> src/alpaca/polygon.rs:24:53
[INFO] [stdout]    |
[INFO] [stdout] 24 |                     let tick_data_json: Map<String, Value> = res.json().unwrap();
[INFO] [stdout]    |                                                     ^^^^^ not found in this scope
[INFO] [stdout]    |
[INFO] [stdout] help: consider importing one of these items
[INFO] [stdout]    |
[INFO] [stdout] 1  | use config::Value;
[INFO] [stdout]    |
[INFO] [stdout] 1  | use crate::appconfig::tick_data::Value;
[INFO] [stdout]    |
[INFO] [stdout] 1  | use crate::thread::local::os::Value;
[INFO] [stdout]    |
[INFO] [stdout] 1  | use serde_json::Value;
[INFO] [stdout]    |
[INFO] [stdout] 
[INFO] [stdout] 
[INFO] [stdout] error[E0412]: cannot find type `Arc` in this scope
[INFO] [stdout]  --> src/alpaca/polygon.rs:6:16
[INFO] [stdout]   |
[INFO] [stdout] 6 |         queue: Arc<ArrayQueue<TickData>>,
[INFO] [stdout]   |                ^^^ not found in this scope
[INFO] [stdout]   |
[INFO] [stdout] help: consider importing one of these items
[INFO] [stdout]   |
[INFO] [stdout] 1 | use crate::Arc;
[INFO] [stdout]   |
[INFO] [stdout] 1 | use std::sync::Arc;
[INFO] [stdout]   |
[INFO] [stdout] 
[INFO] [stdout] 
[INFO] [stdout] error[E0412]: cannot find type `ArrayQueue` in this scope
[INFO] [stdout]  --> src/alpaca/polygon.rs:6:20
[INFO] [stdout]   |
[INFO] [stdout] 6 |         queue: Arc<ArrayQueue<TickData>>,
[INFO] [stdout]   |                    ^^^^^^^^^^ not found in this scope
[INFO] [stdout]   |
[INFO] [stdout] help: consider importing this struct
[INFO] [stdout]   |
[INFO] [stdout] 1 | use crate::ArrayQueue;
[INFO] [stdout]   |
[INFO] [stdout] 
[INFO] [stdout] 
[INFO] [stdout] error[E0412]: cannot find type `AppConfig` in this scope
[INFO] [stdout]  --> src/alpaca/polygon.rs:8:21
[INFO] [stdout]   |
[INFO] [stdout] 8 |         app_config: AppConfig,
[INFO] [stdout]   |                     ^^^^^^^^^ not found in this scope
[INFO] [stdout]   |
[INFO] [stdout] help: consider importing this struct
[INFO] [stdout]   |
[INFO] [stdout] 1 | use crate::AppConfig;
[INFO] [stdout]   |
[INFO] [stdout] 
[INFO] [stdout] 
[INFO] [stdout] error[E0412]: cannot find type `Map` in this scope
[INFO] [stdout]   --> src/alpaca/polygon.rs:24:41
[INFO] [stdout]    |
[INFO] [stdout] 24 |                     let tick_data_json: Map<String, Value> = res.json().unwrap();
[INFO] [stdout]    |                                         ^^^ not found in this scope
[INFO] [stdout]    |
[INFO] [stdout] help: consider importing one of these items
[INFO] [stdout]    |
[INFO] [stdout] 1  | use core::iter::Map;
[INFO] [stdout]    |
[INFO] [stdout] 1  | use crate::appconfig::env::os_imp::vec::slice::Map;
[INFO] [stdout]    |
[INFO] [stdout] 1  | use crate::appconfig::tick_data::Map;
[INFO] [stdout]    |
[INFO] [stdout] 1  | use serde_json::Map;
[INFO] [stdout]    |
[INFO] [stdout]      and 1 other candidate
[INFO] [stdout] 
[INFO] [stdout] 
[INFO] [stdout] error[E0412]: cannot find type `Value` in this scope
[INFO] [stdout]   --> src/alpaca/polygon.rs:24:53
[INFO] [stdout]    |
[INFO] [stdout] 24 |                     let tick_data_json: Map<String, Value> = res.json().unwrap();
[INFO] [stdout]    |                                                     ^^^^^ not found in this scope
[INFO] [stdout]    |
[INFO] [stdout] help: consider importing one of these items
[INFO] [stdout]    |
[INFO] [stdout] 1  | use config::Value;
[INFO] [stdout]    |
[INFO] [stdout] 1  | use crate::appconfig::tick_data::Value;
[INFO] [stdout]    |
[INFO] [stdout] 1  | use crate::thread::local::os::Value;
[INFO] [stdout]    |
[INFO] [stdout] 1  | use serde_json::Value;
[INFO] [stdout]    |
[INFO] [stdout] 
[INFO] [stdout] 
[INFO] [stdout] warning: unused import: `Sender`
[INFO] [stdout]  --> src/alpaca/account.rs:3:33
[INFO] [stdout]   |
[INFO] [stdout] 3 | use std::sync::mpsc::{Receiver, Sender};
[INFO] [stdout]   |                                 ^^^^^^
[INFO] [stdout]   |
[INFO] [stdout]   = note: `#[warn(unused_imports)]` on by default
[INFO] [stdout] 
[INFO] [stdout] 
[INFO] [stdout] warning: unused imports: `HeaderMap`, `HeaderName`, `HeaderValue`, `USER_AGENT`
[INFO] [stdout]  --> src/alpaca/account.rs:7:23
[INFO] [stdout]   |
[INFO] [stdout] 7 | use reqwest::header::{HeaderMap, HeaderName, HeaderValue, USER_AGENT};
[INFO] [stdout]   |                       ^^^^^^^^^  ^^^^^^^^^^  ^^^^^^^^^^^  ^^^^^^^^^^
[INFO] [stdout] 
[INFO] [stdout] 
[INFO] [stdout] warning: unused import: `crate::alpaca::tick_data::TickData`
[INFO] [stdout]   --> src/alpaca/alpaca.rs:12:5
[INFO] [stdout]    |
[INFO] [stdout] 12 | use crate::alpaca::tick_data::TickData;
[INFO] [stdout]    |     ^^^^^^^^^^^^^^^^^^^^^^^^^^^^^^^^^^
[INFO] [stdout] 
[INFO] [stdout] 
[INFO] [stdout] warning: unused import: `std::time::Duration`
[INFO] [stdout]   --> src/alpaca/alpaca.rs:15:5
[INFO] [stdout]    |
[INFO] [stdout] 15 | use std::time::Duration;
[INFO] [stdout]    |     ^^^^^^^^^^^^^^^^^^^
[INFO] [stdout] 
[INFO] [stdout] 
[INFO] [stdout] warning: unused import: `Sender`
[INFO] [stdout]  --> src/alpaca/tick_data.rs:4:33
[INFO] [stdout]   |
[INFO] [stdout] 4 | use std::sync::mpsc::{Receiver, Sender};
[INFO] [stdout]   |                                 ^^^^^^
[INFO] [stdout] 
[INFO] [stdout] 
[INFO] [stdout] warning: unused imports: `Arc`, `mpsc`
[INFO] [stdout]  --> src/alpaca/tick_data.rs:5:17
[INFO] [stdout]   |
[INFO] [stdout] 5 | use std::sync::{mpsc, Arc};
[INFO] [stdout]   |                 ^^^^  ^^^
[INFO] [stdout] 
[INFO] [stdout] 
[INFO] [stdout] warning: unused import: `Sender`
[INFO] [stdout]  --> src/alpaca/account.rs:3:33
[INFO] [stdout]   |
[INFO] [stdout] 3 | use std::sync::mpsc::{Receiver, Sender};
[INFO] [stdout]   |                                 ^^^^^^
[INFO] [stdout]   |
[INFO] [stdout]   = note: `#[warn(unused_imports)]` on by default
[INFO] [stdout] 
[INFO] [stdout] 
[INFO] [stdout] warning: unused imports: `HeaderMap`, `HeaderName`, `HeaderValue`, `USER_AGENT`
[INFO] [stdout]  --> src/alpaca/account.rs:7:23
[INFO] [stdout]   |
[INFO] [stdout] 7 | use reqwest::header::{HeaderMap, HeaderName, HeaderValue, USER_AGENT};
[INFO] [stdout]   |                       ^^^^^^^^^  ^^^^^^^^^^  ^^^^^^^^^^^  ^^^^^^^^^^
[INFO] [stdout] 
[INFO] [stdout] 
[INFO] [stdout] warning: unused import: `crate::alpaca::tick_data::TickData`
[INFO] [stdout]   --> src/alpaca/alpaca.rs:12:5
[INFO] [stdout]    |
[INFO] [stdout] 12 | use crate::alpaca::tick_data::TickData;
[INFO] [stdout]    |     ^^^^^^^^^^^^^^^^^^^^^^^^^^^^^^^^^^
[INFO] [stdout] 
[INFO] [stdout] 
[INFO] [stdout] warning: unused import: `std::time::Duration`
[INFO] [stdout]  --> src/alpaca/tick_data.rs:7:5
[INFO] [stdout]   |
[INFO] [stdout] 7 | use std::time::Duration;
[INFO] [stdout]   |     ^^^^^^^^^^^^^^^^^^^
[INFO] [stdout] 
[INFO] [stdout] 
[INFO] [stdout] warning: unused import: `std::time::Duration`
[INFO] [stdout]   --> src/alpaca/alpaca.rs:15:5
[INFO] [stdout]    |
[INFO] [stdout] 15 | use std::time::Duration;
[INFO] [stdout]    |     ^^^^^^^^^^^^^^^^^^^
[INFO] [stdout] 
[INFO] [stdout] 
[INFO] [stdout] warning: unused import: `crossbeam::queue::ArrayQueue`
[INFO] [stdout]   --> src/alpaca/tick_data.rs:10:5
[INFO] [stdout]    |
[INFO] [stdout] 10 | use crossbeam::queue::ArrayQueue;
[INFO] [stdout]    |     ^^^^^^^^^^^^^^^^^^^^^^^^^^^^
[INFO] [stdout] 
[INFO] [stdout] 
[INFO] [stdout] warning: unused imports: `HeaderMap`, `HeaderName`, `HeaderValue`, `USER_AGENT`
[INFO] [stdout]   --> src/alpaca/tick_data.rs:11:23
[INFO] [stdout]    |
[INFO] [stdout] 11 | use reqwest::header::{HeaderMap, HeaderName, HeaderValue, USER_AGENT};
[INFO] [stdout]    |                       ^^^^^^^^^  ^^^^^^^^^^  ^^^^^^^^^^^  ^^^^^^^^^^
[INFO] [stdout] 
[INFO] [stdout] 
[INFO] [stdout] warning: unused import: `Map`
[INFO] [stdout]   --> src/alpaca/tick_data.rs:14:18
[INFO] [stdout]    |
[INFO] [stdout] 14 | use serde_json::{Map, Value};
[INFO] [stdout]    |                  ^^^
[INFO] [stdout] 
[INFO] [stdout] 
[INFO] [stdout] warning: unused import: `crate::appconfig::AppConfig`
[INFO] [stdout]   --> src/alpaca/tick_data.rs:16:5
[INFO] [stdout]    |
[INFO] [stdout] 16 | use crate::appconfig::AppConfig;
[INFO] [stdout]    |     ^^^^^^^^^^^^^^^^^^^^^^^^^^^
[INFO] [stdout] 
[INFO] [stdout] 
[INFO] [stdout] warning: unused imports: `Mutex`, `mpsc`
[INFO] [stdout]  --> src/app/mod.rs:7:17
[INFO] [stdout]   |
[INFO] [stdout] 7 | use std::sync::{mpsc, Arc, Mutex, RwLock};
[INFO] [stdout]   |                 ^^^^       ^^^^^
[INFO] [stdout] 
[INFO] [stdout] 
[INFO] [stdout] warning: unused imports: `Arc`, `mpsc`
[INFO] [stdout]  --> src/alpaca/tick_data.rs:5:17
[INFO] [stdout]   |
[INFO] [stdout] 5 | use std::sync::{mpsc, Arc};
[INFO] [stdout]   |                 ^^^^  ^^^
[INFO] [stdout] 
[INFO] [stdout] 
[INFO] [stdout] warning: unused import: `PushError`
[INFO] [stdout]   --> src/app/mod.rs:11:46
[INFO] [stdout]    |
[INFO] [stdout] 11 | use crossbeam::queue::{ArrayQueue, PopError, PushError};
[INFO] [stdout]    |                                              ^^^^^^^^^
[INFO] [stdout] 
[INFO] [stdout] 
[INFO] [stdout] warning: unused import: `std::ops::Deref`
[INFO] [stdout]   --> src/app/mod.rs:12:5
[INFO] [stdout]    |
[INFO] [stdout] 12 | use std::ops::Deref;
[INFO] [stdout]    |     ^^^^^^^^^^^^^^^
[INFO] [stdout] 
[INFO] [stdout] 
[INFO] [stdout] warning: unused import: `std::time::Duration`
[INFO] [stdout]  --> src/alpaca/tick_data.rs:7:5
[INFO] [stdout]   |
[INFO] [stdout] 7 | use std::time::Duration;
[INFO] [stdout]   |     ^^^^^^^^^^^^^^^^^^^
[INFO] [stdout] 
[INFO] [stdout] 
[INFO] [stdout] warning: unused import: `crossbeam::queue::ArrayQueue`
[INFO] [stdout]   --> src/alpaca/tick_data.rs:10:5
[INFO] [stdout]    |
[INFO] [stdout] 10 | use crossbeam::queue::ArrayQueue;
[INFO] [stdout]    |     ^^^^^^^^^^^^^^^^^^^^^^^^^^^^
[INFO] [stdout] 
[INFO] [stdout] 
[INFO] [stdout] warning: unused import: `super::alpaca::*`
[INFO] [stdout]  --> src/appconfig/mod.rs:1:5
[INFO] [stdout]   |
[INFO] [stdout] 1 | use super::alpaca::*;
[INFO] [stdout]   |     ^^^^^^^^^^^^^^^^
[INFO] [stdout] 
[INFO] [stdout] 
[INFO] [stdout] warning: unused import: `std::slice::RChunks`
[INFO] [stdout]  --> src/appconfig/mod.rs:6:5
[INFO] [stdout]   |
[INFO] [stdout] 6 | use std::slice::RChunks;
[INFO] [stdout]   |     ^^^^^^^^^^^^^^^^^^^
[INFO] [stdout] 
[INFO] [stdout] 
[INFO] [stdout] warning: unused imports: `HeaderMap`, `HeaderName`, `HeaderValue`, `USER_AGENT`
[INFO] [stdout]   --> src/alpaca/tick_data.rs:11:23
[INFO] [stdout]    |
[INFO] [stdout] 11 | use reqwest::header::{HeaderMap, HeaderName, HeaderValue, USER_AGENT};
[INFO] [stdout]    |                       ^^^^^^^^^  ^^^^^^^^^^  ^^^^^^^^^^^  ^^^^^^^^^^
[INFO] [stdout] 
[INFO] [stdout] 
[INFO] [stdout] warning: unused import: `Map`
[INFO] [stdout]   --> src/alpaca/tick_data.rs:14:18
[INFO] [stdout]    |
[INFO] [stdout] 14 | use serde_json::{Map, Value};
[INFO] [stdout]    |                  ^^^
[INFO] [stdout] 
[INFO] [stdout] 
[INFO] [stdout] warning: unused import: `std::borrow::Borrow`
[INFO] [stdout]  --> src/http/client/mod.rs:1:5
[INFO] [stdout]   |
[INFO] [stdout] 1 | use std::borrow::Borrow;
[INFO] [stdout]   |     ^^^^^^^^^^^^^^^^^^^
[INFO] [stdout] 
[INFO] [stdout] 
[INFO] [stdout] warning: unused import: `std::ascii::AsciiExt`
[INFO] [stdout]  --> src/kafkautil/mod.rs:1:5
[INFO] [stdout]   |
[INFO] [stdout] 1 | use std::ascii::AsciiExt;
[INFO] [stdout]   |     ^^^^^^^^^^^^^^^^^^^^
[INFO] [stdout] 
[INFO] [stdout] 
[INFO] [stdout] warning: unused import: `std::collections::HashMap`
[INFO] [stdout]  --> src/kafkautil/mod.rs:2:5
[INFO] [stdout]   |
[INFO] [stdout] 2 | use std::collections::HashMap;
[INFO] [stdout]   |     ^^^^^^^^^^^^^^^^^^^^^^^^^
[INFO] [stdout] 
[INFO] [stdout] 
[INFO] [stdout] warning: unused import: `std::fs::File`
[INFO] [stdout]  --> src/kafkautil/mod.rs:3:5
[INFO] [stdout]   |
[INFO] [stdout] 3 | use std::fs::File;
[INFO] [stdout]   |     ^^^^^^^^^^^^^
[INFO] [stdout] 
[INFO] [stdout] 
[INFO] [stdout] warning: unused import: `std::io::prelude::*`
[INFO] [stdout]  --> src/kafkautil/mod.rs:4:5
[INFO] [stdout]   |
[INFO] [stdout] 4 | use std::io::prelude::*;
[INFO] [stdout]   |     ^^^^^^^^^^^^^^^^^^^
[INFO] [stdout] 
[INFO] [stdout] 
[INFO] [stdout] warning: unused imports: `Mutex`, `mpsc`
[INFO] [stdout]  --> src/app/mod.rs:7:17
[INFO] [stdout]   |
[INFO] [stdout] 7 | use std::sync::{mpsc, Arc, Mutex, RwLock};
[INFO] [stdout]   |                 ^^^^       ^^^^^
[INFO] [stdout] 
[INFO] [stdout] 
[INFO] [stdout] warning: unused import: `PushError`
[INFO] [stdout]   --> src/app/mod.rs:11:46
[INFO] [stdout]    |
[INFO] [stdout] 11 | use crossbeam::queue::{ArrayQueue, PopError, PushError};
[INFO] [stdout]    |                                              ^^^^^^^^^
[INFO] [stdout] 
[INFO] [stdout] 
[INFO] [stdout] warning: unused imports: `Error`, `Read`, `Write`
[INFO] [stdout]  --> src/kafkautil/mod.rs:5:15
[INFO] [stdout]   |
[INFO] [stdout] 5 | use std::io::{Error, Read, Write};
[INFO] [stdout]   |               ^^^^^  ^^^^  ^^^^^
[INFO] [stdout] 
[INFO] [stdout] 
[INFO] [stdout] warning: unused import: `std::ops::Deref`
[INFO] [stdout]   --> src/app/mod.rs:12:5
[INFO] [stdout]    |
[INFO] [stdout] 12 | use std::ops::Deref;
[INFO] [stdout]    |     ^^^^^^^^^^^^^^^
[INFO] [stdout] 
[INFO] [stdout] 
[INFO] [stdout] warning: unused import: `std::iter::FromIterator`
[INFO] [stdout]  --> src/kafkautil/mod.rs:6:5
[INFO] [stdout]   |
[INFO] [stdout] 6 | use std::iter::FromIterator;
[INFO] [stdout]   |     ^^^^^^^^^^^^^^^^^^^^^^^
[INFO] [stdout] 
[INFO] [stdout] 
[INFO] [stdout] warning: unused import: `super::alpaca::*`
[INFO] [stdout]  --> src/appconfig/mod.rs:1:5
[INFO] [stdout]   |
[INFO] [stdout] 1 | use super::alpaca::*;
[INFO] [stdout]   |     ^^^^^^^^^^^^^^^^
[INFO] [stdout] 
[INFO] [stdout] 
[INFO] [stdout] warning: unused import: `std::result`
[INFO] [stdout]  --> src/kafkautil/mod.rs:7:5
[INFO] [stdout]   |
[INFO] [stdout] 7 | use std::result;
[INFO] [stdout]   |     ^^^^^^^^^^^
[INFO] [stdout] 
[INFO] [stdout] 
[INFO] [stdout] warning: unused import: `std::slice::RChunks`
[INFO] [stdout]  --> src/appconfig/mod.rs:6:5
[INFO] [stdout]   |
[INFO] [stdout] 6 | use std::slice::RChunks;
[INFO] [stdout]   |     ^^^^^^^^^^^^^^^^^^^
[INFO] [stdout] 
[INFO] [stdout] 
[INFO] [stdout] warning: unused import: `std::str::from_utf8`
[INFO] [stdout]  --> src/kafkautil/mod.rs:8:5
[INFO] [stdout]   |
[INFO] [stdout] 8 | use std::str::from_utf8;
[INFO] [stdout]   |     ^^^^^^^^^^^^^^^^^^^
[INFO] [stdout] 
[INFO] [stdout] 
[INFO] [stdout] warning: unused import: `std::time::Duration`
[INFO] [stdout]  --> src/kafkautil/mod.rs:9:5
[INFO] [stdout]   |
[INFO] [stdout] 9 | use std::time::Duration;
[INFO] [stdout]   |     ^^^^^^^^^^^^^^^^^^^
[INFO] [stdout] 
[INFO] [stdout] 
[INFO] [stdout] warning: unused import: `std::borrow::Borrow`
[INFO] [stdout]  --> src/http/client/mod.rs:1:5
[INFO] [stdout]   |
[INFO] [stdout] 1 | use std::borrow::Borrow;
[INFO] [stdout]   |     ^^^^^^^^^^^^^^^^^^^
[INFO] [stdout] 
[INFO] [stdout] 
[INFO] [stdout] warning: unused imports: `Consumer`, `FetchOffset`, `GroupOffsetStorage`, `MessageSets`, `Message`
[INFO] [stdout]   --> src/kafkautil/mod.rs:11:23
[INFO] [stdout]    |
[INFO] [stdout] 11 | use kafka::consumer::{Consumer, FetchOffset, GroupOffsetStorage, Message, MessageSets};
[INFO] [stdout]    |                       ^^^^^^^^  ^^^^^^^^^^^  ^^^^^^^^^^^^^^^^^^  ^^^^^^^  ^^^^^^^^^^^
[INFO] [stdout] 
[INFO] [stdout] 
[INFO] [stdout] warning: unused import: `std::ascii::AsciiExt`
[INFO] [stdout]  --> src/kafkautil/mod.rs:1:5
[INFO] [stdout]   |
[INFO] [stdout] 1 | use std::ascii::AsciiExt;
[INFO] [stdout]   |     ^^^^^^^^^^^^^^^^^^^^
[INFO] [stdout] 
[INFO] [stdout] 
[INFO] [stdout] warning: unused import: `std::collections::HashMap`
[INFO] [stdout]  --> src/kafkautil/consumer.rs:2:5
[INFO] [stdout]   |
[INFO] [stdout] 2 | use std::collections::HashMap;
[INFO] [stdout]   |     ^^^^^^^^^^^^^^^^^^^^^^^^^
[INFO] [stdout] 
[INFO] [stdout] 
[INFO] [stdout] warning: unused import: `std::collections::HashMap`
[INFO] [stdout]  --> src/kafkautil/mod.rs:2:5
[INFO] [stdout]   |
[INFO] [stdout] 2 | use std::collections::HashMap;
[INFO] [stdout]   |     ^^^^^^^^^^^^^^^^^^^^^^^^^
[INFO] [stdout] 
[INFO] [stdout] 
[INFO] [stdout] warning: unused import: `std::ascii::AsciiExt`
[INFO] [stdout]  --> src/kafkautil/consumer.rs:4:5
[INFO] [stdout]   |
[INFO] [stdout] 4 | use std::ascii::AsciiExt;
[INFO] [stdout]   |     ^^^^^^^^^^^^^^^^^^^^
[INFO] [stdout] 
[INFO] [stdout] 
[INFO] [stdout] warning: unused import: `std::fs::File`
[INFO] [stdout]  --> src/kafkautil/mod.rs:3:5
[INFO] [stdout]   |
[INFO] [stdout] 3 | use std::fs::File;
[INFO] [stdout]   |     ^^^^^^^^^^^^^
[INFO] [stdout] 
[INFO] [stdout] 
[INFO] [stdout] warning: unused import: `std::time::Duration`
[INFO] [stdout]  --> src/kafkautil/consumer.rs:6:5
[INFO] [stdout]   |
[INFO] [stdout] 6 | use std::time::Duration;
[INFO] [stdout]   |     ^^^^^^^^^^^^^^^^^^^
[INFO] [stdout] 
[INFO] [stdout] 
[INFO] [stdout] warning: unused import: `std::fs::File`
[INFO] [stdout]  --> src/kafkautil/consumer.rs:8:5
[INFO] [stdout]   |
[INFO] [stdout] 8 | use std::fs::File;
[INFO] [stdout]   |     ^^^^^^^^^^^^^
[INFO] [stdout] 
[INFO] [stdout] 
[INFO] [stdout] warning: unused import: `std::io::prelude::*`
[INFO] [stdout]  --> src/kafkautil/mod.rs:4:5
[INFO] [stdout]   |
[INFO] [stdout] 4 | use std::io::prelude::*;
[INFO] [stdout]   |     ^^^^^^^^^^^^^^^^^^^
[INFO] [stdout] 
[INFO] [stdout] 
[INFO] [stdout] warning: unused import: `std::result`
[INFO] [stdout]   --> src/kafkautil/consumer.rs:10:5
[INFO] [stdout]    |
[INFO] [stdout] 10 | use std::result;
[INFO] [stdout]    |     ^^^^^^^^^^^
[INFO] [stdout] 
[INFO] [stdout] 
[INFO] [stdout] warning: unused imports: `Error`, `Read`, `Write`
[INFO] [stdout]  --> src/kafkautil/mod.rs:5:15
[INFO] [stdout]   |
[INFO] [stdout] 5 | use std::io::{Error, Read, Write};
[INFO] [stdout]   |               ^^^^^  ^^^^  ^^^^^
[INFO] [stdout] 
[INFO] [stdout] 
[INFO] [stdout] warning: unused imports: `MessageSets`, `Message`
[INFO] [stdout]   --> src/kafkautil/consumer.rs:12:66
[INFO] [stdout]    |
[INFO] [stdout] 12 | use kafka::consumer::{Consumer, FetchOffset, GroupOffsetStorage, Message, MessageSets};
[INFO] [stdout]    |                                                                  ^^^^^^^  ^^^^^^^^^^^
[INFO] [stdout] 
[INFO] [stdout] 
[INFO] [stdout] warning: unused import: `std::iter::FromIterator`
[INFO] [stdout]  --> src/kafkautil/mod.rs:6:5
[INFO] [stdout]   |
[INFO] [stdout] 6 | use std::iter::FromIterator;
[INFO] [stdout]   |     ^^^^^^^^^^^^^^^^^^^^^^^
[INFO] [stdout] 
[INFO] [stdout] 
[INFO] [stdout] warning: unused imports: `Error`, `Read`, `Write`
[INFO] [stdout]   --> src/kafkautil/consumer.rs:13:15
[INFO] [stdout]    |
[INFO] [stdout] 13 | use std::io::{Error, Read, Write};
[INFO] [stdout]    |               ^^^^^  ^^^^  ^^^^^
[INFO] [stdout] 
[INFO] [stdout] 
[INFO] [stdout] warning: unused import: `std::result`
[INFO] [stdout]  --> src/kafkautil/mod.rs:7:5
[INFO] [stdout]   |
[INFO] [stdout] 7 | use std::result;
[INFO] [stdout]   |     ^^^^^^^^^^^
[INFO] [stdout] 
[INFO] [stdout] 
[INFO] [stdout] warning: unused import: `super::KafkaTopic`
[INFO] [stdout]  --> src/kafkautil/producer.rs:3:5
[INFO] [stdout]   |
[INFO] [stdout] 3 | use super::KafkaTopic;
[INFO] [stdout]   |     ^^^^^^^^^^^^^^^^^
[INFO] [stdout] 
[INFO] [stdout] 
[INFO] [stdout] warning: unused import: `std::str::from_utf8`
[INFO] [stdout]  --> src/kafkautil/mod.rs:8:5
[INFO] [stdout]   |
[INFO] [stdout] 8 | use std::str::from_utf8;
[INFO] [stdout]   |     ^^^^^^^^^^^^^^^^^^^
[INFO] [stdout] 
[INFO] [stdout] 
[INFO] [stdout] warning: unused imports: `Arc`, `RwLock`
[INFO] [stdout]  --> src/kafkautil/producer.rs:9:17
[INFO] [stdout]   |
[INFO] [stdout] 9 | use std::sync::{Arc, RwLock};
[INFO] [stdout]   |                 ^^^  ^^^^^^
[INFO] [stdout] 
[INFO] [stdout] 
[INFO] [stdout] warning: unused import: `std::time::Duration`
[INFO] [stdout]  --> src/kafkautil/mod.rs:9:5
[INFO] [stdout]   |
[INFO] [stdout] 9 | use std::time::Duration;
[INFO] [stdout]   |     ^^^^^^^^^^^^^^^^^^^
[INFO] [stdout] 
[INFO] [stdout] 
[INFO] [stdout] warning: unused imports: `Deserialize`, `Serialize`
[INFO] [stdout]  --> src/models/mod.rs:1:13
[INFO] [stdout]   |
[INFO] [stdout] 1 | use serde::{Deserialize, Serialize};
[INFO] [stdout]   |             ^^^^^^^^^^^  ^^^^^^^^^
[INFO] [stdout] 
[INFO] [stdout] 
[INFO] [stdout] warning: unused imports: `Consumer`, `FetchOffset`, `GroupOffsetStorage`, `MessageSets`, `Message`
[INFO] [stdout]   --> src/kafkautil/mod.rs:11:23
[INFO] [stdout]    |
[INFO] [stdout] 11 | use kafka::consumer::{Consumer, FetchOffset, GroupOffsetStorage, Message, MessageSets};
[INFO] [stdout]    |                       ^^^^^^^^  ^^^^^^^^^^^  ^^^^^^^^^^^^^^^^^^  ^^^^^^^  ^^^^^^^^^^^
[INFO] [stdout] 
[INFO] [stdout] 
[INFO] [stdout] warning: unused imports: `File`, `OpenOptions`
[INFO] [stdout]  --> src/models/mod.rs:2:15
[INFO] [stdout]   |
[INFO] [stdout] 2 | use std::fs::{File, OpenOptions};
[INFO] [stdout]   |               ^^^^  ^^^^^^^^^^^
[INFO] [stdout] 
[INFO] [stdout] 
[INFO] [stdout] warning: unused import: `std::io::Write`
[INFO] [stdout]  --> src/models/mod.rs:3:5
[INFO] [stdout]   |
[INFO] [stdout] 3 | use std::io::Write;
[INFO] [stdout]   |     ^^^^^^^^^^^^^^
[INFO] [stdout] 
[INFO] [stdout] 
[INFO] [stdout] warning: unused import: `std::collections::HashMap`
[INFO] [stdout]  --> src/kafkautil/consumer.rs:2:5
[INFO] [stdout]   |
[INFO] [stdout] 2 | use std::collections::HashMap;
[INFO] [stdout]   |     ^^^^^^^^^^^^^^^^^^^^^^^^^
[INFO] [stdout] 
[INFO] [stdout] 
[INFO] [stdout] warning: unused import: `crate::alpaca::tick_data::TickData`
[INFO] [stdout]  --> src/util/transform.rs:1:5
[INFO] [stdout]   |
[INFO] [stdout] 1 | use crate::alpaca::tick_data::TickData;
[INFO] [stdout]   |     ^^^^^^^^^^^^^^^^^^^^^^^^^^^^^^^^^^
[INFO] [stdout] 
[INFO] [stdout] 
[INFO] [stdout] warning: unused import: `std::ascii::AsciiExt`
[INFO] [stdout]  --> src/kafkautil/consumer.rs:4:5
[INFO] [stdout]   |
[INFO] [stdout] 4 | use std::ascii::AsciiExt;
[INFO] [stdout]   |     ^^^^^^^^^^^^^^^^^^^^
[INFO] [stdout] 
[INFO] [stdout] 
[INFO] [stdout] warning: unused import: `crate::kafkautil::producer::KafkaMsg`
[INFO] [stdout]  --> src/util/transform.rs:2:5
[INFO] [stdout]   |
[INFO] [stdout] 2 | use crate::kafkautil::producer::KafkaMsg;
[INFO] [stdout]   |     ^^^^^^^^^^^^^^^^^^^^^^^^^^^^^^^^^^^^
[INFO] [stdout] 
[INFO] [stdout] 
[INFO] [stdout] warning: unused import: `SendError`
[INFO] [stdout]  --> src/util/transform.rs:3:44
[INFO] [stdout]   |
[INFO] [stdout] 3 | use std::sync::mpsc::{Receiver, RecvError, SendError, Sender};
[INFO] [stdout]   |                                            ^^^^^^^^^
[INFO] [stdout] 
[INFO] [stdout] 
[INFO] [stdout] warning: unused import: `std::time::Duration`
[INFO] [stdout]  --> src/kafkautil/consumer.rs:6:5
[INFO] [stdout]   |
[INFO] [stdout] 6 | use std::time::Duration;
[INFO] [stdout]   |     ^^^^^^^^^^^^^^^^^^^
[INFO] [stdout] 
[INFO] [stdout] 
[INFO] [stdout] warning: unused import: `std::fs::File`
[INFO] [stdout]  --> src/kafkautil/consumer.rs:8:5
[INFO] [stdout]   |
[INFO] [stdout] 8 | use std::fs::File;
[INFO] [stdout]   |     ^^^^^^^^^^^^^
[INFO] [stdout] 
[INFO] [stdout] 
[INFO] [stdout] warning: unused import: `std::result`
[INFO] [stdout]   --> src/kafkautil/consumer.rs:10:5
[INFO] [stdout]    |
[INFO] [stdout] 10 | use std::result;
[INFO] [stdout]    |     ^^^^^^^^^^^
[INFO] [stdout] 
[INFO] [stdout] 
[INFO] [stdout] warning: unused imports: `MessageSets`, `Message`
[INFO] [stdout]   --> src/kafkautil/consumer.rs:12:66
[INFO] [stdout]    |
[INFO] [stdout] 12 | use kafka::consumer::{Consumer, FetchOffset, GroupOffsetStorage, Message, MessageSets};
[INFO] [stdout]    |                                                                  ^^^^^^^  ^^^^^^^^^^^
[INFO] [stdout] 
[INFO] [stdout] 
[INFO] [stdout] warning: unused imports: `Error`, `Read`, `Write`
[INFO] [stdout]   --> src/kafkautil/consumer.rs:13:15
[INFO] [stdout]    |
[INFO] [stdout] 13 | use std::io::{Error, Read, Write};
[INFO] [stdout]    |               ^^^^^  ^^^^  ^^^^^
[INFO] [stdout] 
[INFO] [stdout] 
[INFO] [stdout] warning: unused import: `super::KafkaTopic`
[INFO] [stdout]  --> src/kafkautil/producer.rs:3:5
[INFO] [stdout]   |
[INFO] [stdout] 3 | use super::KafkaTopic;
[INFO] [stdout]   |     ^^^^^^^^^^^^^^^^^
[INFO] [stdout] 
[INFO] [stdout] 
[INFO] [stdout] warning: unused imports: `Arc`, `RwLock`
[INFO] [stdout]  --> src/kafkautil/producer.rs:9:17
[INFO] [stdout]   |
[INFO] [stdout] 9 | use std::sync::{Arc, RwLock};
[INFO] [stdout]   |                 ^^^  ^^^^^^
[INFO] [stdout] 
[INFO] [stdout] 
[INFO] [stdout] warning: unused imports: `Deserialize`, `Serialize`
[INFO] [stdout]  --> src/models/mod.rs:1:13
[INFO] [stdout]   |
[INFO] [stdout] 1 | use serde::{Deserialize, Serialize};
[INFO] [stdout]   |             ^^^^^^^^^^^  ^^^^^^^^^
[INFO] [stdout] 
[INFO] [stdout] 
[INFO] [stdout] warning: unused imports: `File`, `OpenOptions`
[INFO] [stdout]  --> src/models/mod.rs:2:15
[INFO] [stdout]   |
[INFO] [stdout] 2 | use std::fs::{File, OpenOptions};
[INFO] [stdout]   |               ^^^^  ^^^^^^^^^^^
[INFO] [stdout] 
[INFO] [stdout] 
[INFO] [stdout] warning: unused import: `std::io::Write`
[INFO] [stdout]  --> src/models/mod.rs:3:5
[INFO] [stdout]   |
[INFO] [stdout] 3 | use std::io::Write;
[INFO] [stdout]   |     ^^^^^^^^^^^^^^
[INFO] [stdout] 
[INFO] [stdout] 
[INFO] [stdout] warning: unused import: `crate::alpaca::tick_data::TickData`
[INFO] [stdout]  --> src/util/transform.rs:1:5
[INFO] [stdout]   |
[INFO] [stdout] 1 | use crate::alpaca::tick_data::TickData;
[INFO] [stdout]   |     ^^^^^^^^^^^^^^^^^^^^^^^^^^^^^^^^^^
[INFO] [stdout] 
[INFO] [stdout] 
[INFO] [stdout] warning: unused import: `crate::kafkautil::producer::KafkaMsg`
[INFO] [stdout]  --> src/util/transform.rs:2:5
[INFO] [stdout]   |
[INFO] [stdout] 2 | use crate::kafkautil::producer::KafkaMsg;
[INFO] [stdout]   |     ^^^^^^^^^^^^^^^^^^^^^^^^^^^^^^^^^^^^
[INFO] [stdout] 
[INFO] [stdout] 
[INFO] [stdout] warning: unused import: `SendError`
[INFO] [stdout]  --> src/util/transform.rs:3:44
[INFO] [stdout]   |
[INFO] [stdout] 3 | use std::sync::mpsc::{Receiver, RecvError, SendError, Sender};
[INFO] [stdout]   |                                            ^^^^^^^^^
[INFO] [stdout] 
[INFO] [stdout] 
[INFO] [stdout] warning: use of deprecated trait `std::ascii::AsciiExt`: use inherent methods instead
[INFO] [stdout]  --> src/kafkautil/mod.rs:1:5
[INFO] [stdout]   |
[INFO] [stdout] 1 | use std::ascii::AsciiExt;
[INFO] [stdout]   |     ^^^^^^^^^^^^^^^^^^^^
[INFO] [stdout]   |
[INFO] [stdout]   = note: `#[warn(deprecated)]` on by default
[INFO] [stdout] 
[INFO] [stdout] 
[INFO] [stdout] warning: use of deprecated trait `std::ascii::AsciiExt`: use inherent methods instead
[INFO] [stdout]  --> src/kafkautil/consumer.rs:4:5
[INFO] [stdout]   |
[INFO] [stdout] 4 | use std::ascii::AsciiExt;
[INFO] [stdout]   |     ^^^^^^^^^^^^^^^^^^^^
[INFO] [stdout] 
[INFO] [stdout] 
[INFO] [stdout] warning: use of deprecated trait `std::ascii::AsciiExt`: use inherent methods instead
[INFO] [stdout]  --> src/kafkautil/mod.rs:1:5
[INFO] [stdout]   |
[INFO] [stdout] 1 | use std::ascii::AsciiExt;
[INFO] [stdout]   |     ^^^^^^^^^^^^^^^^^^^^
[INFO] [stdout]   |
[INFO] [stdout]   = note: `#[warn(deprecated)]` on by default
[INFO] [stdout] 
[INFO] [stdout] 
[INFO] [stdout] warning: use of deprecated trait `std::ascii::AsciiExt`: use inherent methods instead
[INFO] [stdout]  --> src/kafkautil/consumer.rs:4:5
[INFO] [stdout]   |
[INFO] [stdout] 4 | use std::ascii::AsciiExt;
[INFO] [stdout]   |     ^^^^^^^^^^^^^^^^^^^^
[INFO] [stdout] 
[INFO] [stdout] 
[INFO] [stdout] error: aborting due to 7 previous errors; 44 warnings emitted
[INFO] [stdout] 
[INFO] [stdout] 
[INFO] [stdout] Some errors have detailed explanations: E0412, E0433.
[INFO] [stdout] 
[INFO] [stdout] For more information about an error, try `rustc --explain E0412`.
[INFO] [stdout] 
[INFO] [stderr] error: could not compile `alpacarust`.
[INFO] [stderr] 
[INFO] [stderr] To learn more, run the command again with --verbose.
[INFO] [stderr] warning: build failed, waiting for other jobs to finish...
[INFO] [stdout] error: aborting due to 8 previous errors; 42 warnings emitted
[INFO] [stdout] 
[INFO] [stdout] 
[INFO] [stdout] Some errors have detailed explanations: E0412, E0433.
[INFO] [stdout] 
[INFO] [stdout] For more information about an error, try `rustc --explain E0412`.
[INFO] [stdout] 
[INFO] [stderr] error: build failed
[INFO] running `Command { std: "docker" "inspect" "6feb5e8494256957491ead8ed233e2f6c0108bad7c4a643151a056a7ca012b04", kill_on_drop: false }`
[INFO] running `Command { std: "docker" "rm" "-f" "6feb5e8494256957491ead8ed233e2f6c0108bad7c4a643151a056a7ca012b04", kill_on_drop: false }`
[INFO] [stdout] 6feb5e8494256957491ead8ed233e2f6c0108bad7c4a643151a056a7ca012b04
